e o(-123).
-96
Let b(p) = 2500*p - 22568. What is b(9)?
-68
Let k(p) = 2*p**2 + 3696*p + 116357. Calculate k(-32).
133
Let z(k) = 39*k + 5548. What is z(-138)?
166
Let b(y) = 582*y**2 - 19273*y + 48. What is b(33)?
-2163
Let c(a) = a**3 - 76*a**2 - 667*a - 410. Calculate c(84).
10
Let n(s) = -3*s**3 - 303*s**2 - 877*s - 180. Calculate n(-98).
-670
Let c(l) = -13*l**3 + 2*l**2 + 6*l - 1267. Determine c(0).
-1267
Let m(p) = p**3 + 202*p**2 + 1723*p - 1830. What is m(-10)?
140
Let m(q) = -q**2 - 64*q + 510. What is m(-41)?
1453
Let c(p) = p**3 - 14*p**2 - 215*p - 3709. Give c(27).
-37
Let o(d) = -38*d**2 + 2753*d + 1505. Give o(73).
-28
Let i(v) = v**2 - 490*v + 31825. Determine i(77).
24
Let f(z) = -111*z**2 + 28095*z - 3296. Calculate f(253).
-260
Let d(l) = -30*l**2 - 1091*l - 39. Determine d(-34).
2375
Let l(o) = 2*o**3 - 12*o**2 + 8*o + 4. What is l(4)?
-28
Let c(m) = -m**3 + 11887*m**2 - 35649*m - 10. Calculate c(3).
-1
Let g(y) = -297*y + 13623. Give g(46).
-39
Let y(q) = -6239*q + 205530. Determine y(33).
-357
Let u(y) = 30*y**3 - 3087*y**2 - 307*y + 33. Calculate u(103).
239
Let t(g) = -4*g**3 - 96*g**2 - 553*g + 99. Calculate t(-14).
1
Let y(c) = -3*c**3 + 99*c**2 - 64*c + 63. Determine y(32).
1087
Let s(o) = 63*o**3 - 24254*o**2 - 384*o - 452. What is s(385)?
-67
Let y(x) = x**2 + 10681*x + 160055. Give y(-15).
65
Let p(x) = x**2 + 10000*x + 527179. Give p(-53).
-12
Let l(k) = -32*k**2 + 1636*k - 1687. Calculate l(50).
113
Let t(a) = -7699*a + 84646. Calculate t(11).
-43
Let h(y) = -3*y**2 + 74*y + 1318. Determine h(-15).
-467
Let t(s) = -2977*s - 41724. Give t(-14).
-46
Let k(u) = -u**3 + 448*u**2 - 2228*u + 5760. Give k(443).
1
Let o(u) = -146825*u + 293710. Determine o(2).
60
Let l(f) = -983*f - 348971. Determine l(-355).
-6
Let f(b) = -293*b + 37209. What is f(127)?
-2
Let b(u) = 2070*u + 370532. Give b(-179).
2
Let d(f) = -283*f - 5693. Determine d(-20).
-33
Let y(a) = -2*a**3 + 214*a**2 - 1408*a + 36. Give y(7).
-20
Let z(y) = 26*y**2 - 4811*y - 14661. What is z(-3)?
6
Let b(d) = -2*d**3 + 24*d**2 - 66*d + 2. What is b(3)?
-34
Let f(g) = 2658*g + 186001. Determine f(-70).
-59
Let c(x) = 4*x**2 - 215*x + 1410. What is c(7)?
101
Let a(k) = -34862*k - 383610. Determine a(-11).
-128
Let w(s) = 2*s**2 - 262*s + 5585. Determine w(104).
-31
Let k(y) = -y**2 - 723*y + 17834. Calculate k(24).
-94
Let b(u) = u**3 - 15*u**2 - 463*u - 34. Determine b(-15).
161
Let r(v) = 5*v**3 + 42*v**2 - 82*v - 175. What is r(-7)?
742
Let q(y) = 386565*y - 5798484. Determine q(15).
-9
Let x(m) = 431*m + 29865. Give x(-68).
557
Let t(c) = 2022*c - 438781. Calculate t(217).
-7
Let f(i) = 5211*i + 10044. Determine f(-2).
-378
Let k(q) = -3*q**2 - 63*q + 15885. Give k(63).
9
Let u(t) = -5495*t - 1115476. Calculate u(-203).
9
Let u(z) = 332*z**2 - 39179*z + 511. Calculate u(118).
157
Let o(r) = 2112*r - 190070. Determine o(90).
10
Let a(m) = 3*m**2 + 4*m - 623. Calculate a(-18).
277
Let z(d) = -1861*d + 111761. What is z(60)?
101
Let y(g) = -61*g - 1168. Determine y(-6).
-802
Let g(z) = -3*z**2 - 503*z + 16761. What is g(-196)?
101
Let u(f) = -4*f**3 - 95*f**2 + 45*f + 498. Give u(-24).
-6
Let h(p) = -97590*p + 292778. Determine h(3).
8
Let u(l) = 2*l**3 + 115*l**2 + 161*l - 790. Determine u(-56).
-398
Let y(q) = 34758*q + 973218. Calculate y(-28).
-6
Let f(d) = 622*d + 2345. Calculate f(-4).
-143
Let c(i) = -i**3 + 23*i**2 - 69*i - 9. What is c(20)?
-189
Let o(i) = 31*i - 1110. Determine o(36).
6
Let w(d) = d**3 + d**2 - 757*d - 5565. Give w(-8).
43
Let v(f) = 5*f**3 - 68*f**2 - 52*f - 2. Calculate v(16).
2238
Let b(c) = c**2 + 1645*c + 51632. Calculate b(-32).
16
Let j(p) = 1314*p - 68245. Calculate j(52).
83
Let s(u) = 18137*u - 435284. Calculate s(24).
4
Let i(z) = 4*z**3 + 1025*z**2 + 282*z + 6640. Calculate i(-256).
-16
Let d(q) = -6*q**2 + 2371*q + 4366. What is d(397)?
-1
Let n(o) = 288*o**2 - 2596*o + 30. Calculate n(9).
-6
Let k(d) = -94*d - 4766. Calculate k(-44).
-630
Let c(y) = y**2 - 121*y - 943. Calculate c(116).
-1523
Let h(w) = w**3 - 40*w**2 - 1122*w - 401. Determine h(59).
-460
Let x(m) = -2*m**2 + 543*m + 2680. Calculate x(-5).
-85
Let h(w) = -38225*w + 76556. Give h(2).
106
Let r(n) = -1424*n + 15649. What is r(11)?
-15
Let f(b) = b**2 + 146*b - 6413. Give f(42).
1483
Let o(a) = a**3 - 122*a**2 - 885*a + 87. Give o(-7).
-39
Let y(s) = 6*s**3 + 2855*s**2 - 498*s - 10676. Give y(-476).
-204
Let y(d) = d**3 - 51*d**2 + 629*d + 90. What is y(20)?
270
Let h(r) = 639*r - 1041. What is h(2)?
237
Let v(z) = 4*z**3 + 30*z**2 - 890*z + 839. Give v(11).
3
Let m(y) = 26*y**3 - 6*y**2 + 25*y + 1. What is m(3)?
724
Let x(t) = -3*t**2 + 137*t - 1491. Give x(24).
69
Let l(u) = -413*u - 66364. Determine l(-157).
-1523
Let y(g) = 2*g**2 - 878*g - 32335. Give y(-34).
-171
Let i(j) = -11*j**2 - 305*j + 28618. Give i(39).
-8
Let g(s) = -4*s**3 + 227*s**2 + 1078*s - 2496. Determine g(61).
5
Let a(b) = b**2 - 7*b - 918. Give a(22).
-588
Let o(p) = 4891*p - 48951. Determine o(10).
-41
Let k(w) = 4622*w**2 - 17*w + 8. Give k(0).
8
Let n(z) = 2222*z + 1353203. Calculate n(-609).
5
Let x(q) = -q**3 - 31*q**2 - 73*q + 316. Give x(-28).
8
Let q(c) = 2*c**3 + 14*c**2 + 868*c + 5056. Give q(-6).
-80
Let r(s) = -967*s**3 + 6768*s**2 + 31*s - 153. Determine r(7).
15
Let x(s) = 15*s**2 - 1213*s + 8381. What is x(7)?
625
Let x(k) = k**3 + 17*k**2 + 34*k - 159. What is x(-14)?
-47
Let l(t) = -11*t**2 + 7660*t - 90366. What is l(12)?
-30
Let f(h) = -10*h**2 + 1322*h + 6563. What is f(137)?
-13
Let c(h) = -13*h**2 + 1052*h + 5625. Calculate c(-5).
40
Let a(y) = -25*y**2 - 454*y - 2022. Calculate a(-8).
10
Let t(l) = l**3 + 142*l**2 + 2010*l - 712. What is t(-126)?
44
Let z(v) = 2*v**3 - 77*v**2 - 19*v + 2217. What is z(38)?
51
Let a(k) = -4401*k + 400821. Calculate a(91).
330
Let j(r) = -190*r**2 - 5722*r + 100. What is j(-30)?
760
Let w(u) = u**3 + 24*u**2 - 160*u - 47. Determine w(-29).
388
Let g(x) = 29677*x + 830938. Calculate g(-28).
-18
Let o(q) = -20841*q**2 + 2500919*q + 127. What is o(120)?
7
Let j(u) = u**3 + 170*u**2 - 723*u - 5091. Calculate j(-174).
-393
Let j(y) = 15*y**3 + 333*y**2 - 361*y - 112. Calculate j(-23).
1843
Let y(n) = -17234*n + 1378725. Give y(80).
5
Let b(r) = -299*r - 5068. Determine b(-10).
-2078
Let v(x) = x**3 + 7*x**2 + 30*x - 3089. What is v(12)?
7
Let a(x) = 3*x**3 + 121*x**2 + 166*x + 5115. What is a(-40)?
75
Let a(z) = z**3 - 60*z**2 + 841*z - 101. What is a(22)?
9
Let z(o) = 3*o**2 + 14712*o - 1916811. What is z(127)?
0
Let k(c) = -2*c**3 - 25*c**2 + 125*c + 190. Calculate k(-16).
-18
Let f(y) = 614*y + 7431. Determine f(-11).
677
Let s(j) = j**3 - 58*j**2 - 21*j - 98. Give s(58).
-1316
Let x(m) = m**2 + 344*m + 9738. What is x(-31)?
35
Let j(u) = -u**2 - 3115*u + 193720. Calculate j(61).
-16
Let u(s) = -s**3 - 199*s**2 - 6377*s - 688. Calculate u(-40).
-8
Let o(r) = -15*r**2 - 396*r - 297. Give o(-27).
-540
Let v(c) = -7*c**2 + 266*c - 773. Give v(36).
-269
Let w(l) = 839*l + 118226. Give w(-141).
-73
Let l(h) = -h**2 - 3980*h - 558. What is l(0)?
-558
Let a(v) = -16*v**2 + 1222*v - 2197. Give a(72).
2843
Let c(s) = 4929*s + 9515. Determine c(-2).
-343
Let m(x) = -2*x**2 + 887317*x + 6211292. Calculate m(-7).
-25
Let f(o) = -1660*o + 30606. Give f(21).
-4254
Let c(q) = -775*q + 56877. What is c(74)?
-473
Let z(k) = -311*k**3 - 4*k**2 + 11*k. Determine z(2).
-2482
Let g(y) = -25194*y - 352715. Calculate g(-14).
1
Let q(u) = 10503*u + 73297. What is q(-7)?
-224
Let b(t) = -244*t**3 + t**2 + 11*t - 13. Calculate b(1).
-245
Let h(k) = 4716*k - 1667. What is h(1)?
3049
Let k(d) = 998*d**2 - 3014*d + 41. Give k(3).
-19
Let s(c) = -8*c**2 + 1599*c - 1180. Determine s(198).
1790
Let n(c) = -1726*c - 24777. Calculate n(-14).
-613
Let j(d) = -49*d**2 - 264*d + 787. Give j(3).
-446
Let f(r) = r**3 + 412*r**2 + 1648*r + 6678. Determine f(-408).
150
Let x(w) = -w**2 + 260*w + 6029. Calculate x(-21).
128
Let v(j) = 1492*j + 246146. What is v(-165)?
-34
Let h(t) = -12109*t - 254285. Calculate h(-21).
4
Let m(p) = 21*p**2 + 1069*p - 12368. Determine m(12).
3484
Let z(q) = -4403020*q + 8806050. Calculate z(2).
10
Let b(g) = -12*g**2 + 1023*g - 14528. Calculate b(18).
-2
Let b(z) = -867*z - 79547. What is b(-92)?
217
Let a(k) = -13863*k - 346518. Calc